196 a factor of 3234102?
False
Is 1907275 a multiple of 713?
True
Is 165523 a multiple of 146?
False
Is 104 a factor of 340288?
True
Does 13 divide 301124?
False
Is 165477 a multiple of 57?
False
Does 293 divide 2937933?
False
Is 234 a factor of 1001754?
True
Is 49 a factor of 422070?
False
Does 615 divide 31436848?
False
Is 18742282 a multiple of 72?
False
Is 15445 a multiple of 3?
False
Is 27 a factor of 13331547?
True
Does 26 divide 2084836?
True
Is 219 a factor of 4731928?
False
Is 99 a factor of 439691?
False
Is 1217406 a multiple of 38?
True
Is 353330 a multiple of 178?
True
Does 17 divide 42840?
True
Is 381595 a multiple of 20?
False
Does 15 divide 320104?
False
Is 202 a factor of 6699532?
True
Does 11 divide 583297?
True
Is 44 a factor of 64196?
True
Is 97244 a multiple of 34?
False
Does 61 divide 6466?
True
Does 81 divide 32151?
False
Is 1050912 a multiple of 32?
True
Is 4413199 a multiple of 19?
False
Is 498942 a multiple of 2?
True
Is 21 a factor of 389886?
True
Does 946 divide 9772121?
False
Is 70456 a multiple of 222?
False
Is 13 a factor of 1266694?
True
Is 149 a factor of 266797?
False
Does 1062 divide 24674175?
False
Is 19 a factor of 94259?
True
Is 1034 a factor of 444620?
True
Is 8 a factor of 907844?
False
Is 3228160 a multiple of 128?
True
Is 4 a factor of 830726?
False
Is 18959664 a multiple of 48?
True
Does 178 divide 351072?
False
Does 155 divide 372930?
True
Is 27 a factor of 705771?
False
Does 1121 divide 71571?
False
Does 21 divide 311976?
True
Is 179933 a multiple of 196?
False
Is 3633902 a multiple of 196?
False
Is 6584850 a multiple of 150?
True
Is 17 a factor of 6295118?
False
Is 279 a factor of 15903?
True
Is 78 a factor of 440076?
True
Is 10 a factor of 203997?
False
Is 116528 even?
True
Is 11296812 a multiple of 164?
True
Does 16 divide 274985?
False
Is 3919405 a multiple of 35?
True
Is 62 a factor of 91922?
False
Is 86897 a multiple of 104?
False
Does 197 divide 20488?
True
Is 4000850 a multiple of 167?
False
Does 9 divide 202338?
True
Is 221627 a multiple of 7?
True
Does 193 divide 43149?
False
Is 43 a factor of 667824?
False
Does 305 divide 5906298?
False
Is 5372055 a multiple of 9?
True
Is 235 a factor of 207505?
True
Is 7 a factor of 142367?
False
Is 683 a factor of 6132769?
False
Does 230 divide 890385?
False
Is 9178935 a multiple of 17?
False
Is 1893 a factor of 8153151?
True
Is 15 a factor of 327855?
True
Does 16 divide 35275?
False
Does 82 divide 169002?
True
Is 23275 a multiple of 245?
True
Is 2246320 a multiple of 653?
True
Is 85 a factor of 8269943?
False
Is 50875 a multiple of 5?
True
Does 12 divide 24736?
False
Is 150 a factor of 10518000?
True
Does 59 divide 71213?
True
Is 7170484 a multiple of 234?
False
Is 23 a factor of 263258?
True
Does 830 divide 838435?
False
Is 7218 a multiple of 593?
False
Is 126 a factor of 1835568?
True
Is 396648 a multiple of 11?
False
Is 16674 a multiple of 6?
True
Is 8 a factor of 1035192?
True
Is 91 a factor of 34762?
True
Does 76 divide 9956?
True
Is 69 a factor of 6300657?
False
Does 69 divide 1979807?
False
Is 284 a factor of 2595492?
False
Does 635 divide 5464147?
False
Does 893 divide 16838859?
False
Does 33 divide 205694?
False
Does 209 divide 228019?
True
Is 16742385 a multiple of 56?
False
Is 30 a factor of 56400?
True
Is 310753 a multiple of 59?
True
Is 75 a factor of 1317975?
True
Is 181744 a multiple of 32?
False
Is 51168 a multiple of 156?
True
Is 5 a factor of 423905?
True
Is 64652 a multiple of 16?
False
Is 800986 a multiple of 258?
False
Is 3736287 a multiple of 27?
True
Is 3126186 a multiple of 129?
True
Does 183 divide 40321?
False
Does 18 divide 1778259?
False
Does 87 divide 579681?
True
Is 5574678 even?
True
Is 12 a factor of 24379872?
True
Does 7 divide 144585?
True
Is 35 a factor of 4008287?
False
Is 46 a factor of 950778?
False
Is 37956 a multiple of 68?
False
Is 891990 a multiple of 102?
True
Does 137 divide 155388?
False
Is 2 a factor of 34953?
False
Is 22 a factor of 6697834?
True
Is 490165 a multiple of 13?
True
Is 176 a multiple of 5?
False
Is 15 a factor of 704465?
False
Is 142072 a multiple of 86?
True
Does 131 divide 791932?
False
Is 7 a factor of 106219?
False
Is 56 a factor of 5378534?
False
Does 129 divide 171857?
False
Is 10 a factor of 1720180?
True
Does 3 divide 2908002?
True
Is 681 a factor of 8725006?
False
Is 14 a factor of 3668714?
True
Is 6392442 a multiple of 34?
True
Is 37 a factor of 253117?
True
Is 5806998 a multiple of 126?
False
Does 666 divide 686705?
False
Does 181 divide 168537?
False
Is 24455 a multiple of 12?
False
Is 20 a factor of 29199?
False
Does 192 divide 2234304?
True
Does 87 divide 3518541?
True
Is 499 a factor of 3020964?
False
Is 144 a factor of 326016?
True
Is 2286043 a multiple of 97?
False
Is 13 a factor of 2103062?
True
Does 9 divide 56178?
True
Does 54 divide 2299860?
True
Is 14 a factor of 960374?
False
Is 10803680 a multiple of 377?
False
Is 8 a factor of 57808?
True
Is 44 a factor of 29339?
False
Is 6 a factor of 263844?
True
Is 1253239 a multiple of 746?
False
Is 22 a factor of 241851?
False
Does 19 divide 1978103?
False
Is 40 a factor of 488920?
True
Does 4 divide 659772?
True
Does 407 divide 16593797?
True
Is 22716 a multiple of 7?
False
Is 400210 a multiple of 18?
False
Does 3 divide 563741?
False
Is 103 a factor of 22248?
True
Does 5 divide 534770?
True
Is 822276 a multiple of 244?
False
Does 49 divide 50960?
True
Is 412128 a multiple of 67?
False
Is 130784 a multiple of 67?
True
Is 323498 a multiple of 9?
False
Does 272 divide 3350534?
False
Is 70 a factor of 9326?
False
Is 8111515 a multiple of 905?
True
Is 138 a factor of 319328?
False
Is 433 a factor of 789359?
True
Is 1755586 a multiple of 7?
True
Is 11802726 a multiple of 387?
True
Does 222 divide 6155206?
False
Is 376656 a multiple of 56?
True
Does 954 divide 2970980?
False
Is 11235650 a multiple of 50?
True
Is 400 a factor of 2244800?
True
Does 91 divide 577243?
False
Is 29 a factor of 145957?
True
Is 51958 a multiple of 10?
False
Is 17 a factor of 507399?
True
Is 99 a factor of 183027?
False
Is 2128631 a multiple of 4?
False
Is 800 a factor of 4419648?
False
Is 40975 a multiple of 122?
False
Is 268215 a multiple of 15?
True
Is 50 a factor of 845232?
False
Is 2397883 a multiple of 40?
False
Is 3079702 a multiple of 113?
True
Is 278938 a multiple of 456?
False
Is 403 a factor of 266275?
False
Does 97 divide 927126?
True
Is 299417 a multiple of 132?
False
Does 56 divide 19382104?
True
Is 103194 a multiple of 182?
True
Does 545 divide 1072732?
False
Does 20 divide 239873?
False
Does 479 divide 34009?
True
Is 257393 a multiple of 361?
True
Does 179 divide 128343?
True
Is 15 a factor of 3159661?
False
Is 226303 a multiple of 174?
False
Is 124743 a multiple of 337?
False
Is 198 a factor of 2421738?
True
Is 45339 a multiple of 218?
False
Is 182 a factor of 8736?
True
Does 143 divide 132817?
False
Does 9 divide 1624221?
True
Does 202 divide 120953?
False
Is 30582 a multiple of 292?
False
Does 7 divide 40859?
True
Does 57 divide 59204?
False
Is 459 a factor of 6703236?
True
Is 509822 a multiple of 97?
False
Does 120 divide 174243?
False
Is 592244 a multiple of 56?
False
Does 58 divide 71479?
False
Is 14551906 a multiple of 412?
False
Is 119303 a multiple of 166?
False
Does 16 divide 9395616?
True
Is 5 a factor of 466655?
True
Is 215820 a multiple of 396?
True
Is 336090 a multiple of 15?
True
Is 55 a factor of 297550?
True
Is 669617 a multiple of 19?
True
Does 303 divide 3508740?
True
Is 181930 a multiple of 14?
True
Is 7952563 a multiple of 499?
True
Does 17 divide 290513?
True
Does 26 divide 13622804?
True
Does 52 divide 247676?
True
Does 4 divide 760450?
False
Is 2074 a factor of 7009136?
False
Is 16 a factor of 661075?
False
Is 409515 a multiple of 153?
False
Is 118 a factor of 114460?
True
Does 311 divide 69042?
True
Does 94 divide 26790?
True
Is 9 a factor of 2031138?
True
Does 51 divide 1039788?
True
Is 90 a factor of 298993?
False
Is 8778178 a multiple of 106?
True
Is 10124738 a multiple of 2837?
False
Does 32 divide 1664?
True
Is 37 a factor of 12535711?
True
Does 79 divide 436589?
False
Does 601 divide 231291?
False
Is 2366467 a multiple of 9?
False
Does 97 divide 64699?
True
Is 113475 a multiple of 267?
True
Is 7 a factor of 821